849
In base 4, what is 10 + 22213113210?
22213113220
In base 16, what is 13 + -12f80f0?
-12f80dd
In base 9, what is -124184 - -1673?
-122411
In base 13, what is -2ab0 + 19a30?
16c50
In base 4, what is 231111330 - -211?
231112201
In base 11, what is 73 + -235147?
-235084
In base 16, what is -55b + 12f0?
d95
In base 3, what is 200110212000 + -1002111?
200102202112
In base 6, what is 214131 + 1320?
215451
In base 10, what is -139746757 - -3?
-139746754
In base 5, what is -1441214341 - 333?
-1441220224
In base 8, what is -52303 + 2612?
-47471
In base 12, what is 1a33578 - -a?
1a33586
In base 4, what is -3333100232111 - -2?
-3333100232103
In base 3, what is 1 + 22100201212210?
22100201212211
In base 13, what is -acc + -3b24c?
-3c04b
In base 2, what is 11 - 11011100100110101?
-11011100100110010
In base 10, what is 142111 - -61?
142172
In base 10, what is 153 + -1416752?
-1416599
In base 5, what is 234310224 - 223?
234310001
In base 5, what is -13212 - 230033?
-243300
In base 14, what is 4ba8bb15 - 2?
4ba8bb13
In base 2, what is 111111011001000 + 101000010?
1000000000001010
In base 4, what is -31320 + 30213231?
30121311
In base 13, what is 34 - 15b157?
-15b123
In base 13, what is -267 + 1a013?
19a79
In base 5, what is 24111040240 + 2?
24111040242
In base 3, what is 2200110212012 - 100222?
2200110111020
In base 9, what is 1267722 - -217?
1268040
In base 2, what is 1001000101 + -10100001000010?
-10010111111101
In base 11, what is -991949 - 220?
-992069
In base 6, what is 422143 + -3542?
414201
In base 2, what is -100111010 - 10011100010000000010?
-10011100010100111100
In base 14, what is -23014 - -d?
-23005
In base 2, what is 10001100 - -111011010010111011100?
111011010011001101000
In base 6, what is 321 + 232030?
232351
In base 8, what is -1214 + 624?
-370
In base 13, what is a0486 - -117?
a05a0
In base 12, what is 55b5 - 12a4?
4311
In base 14, what is 6 + -4990c6?
-4990c0
In base 2, what is 1110110011010000000000111010 - -100?
1110110011010000000000111110
In base 13, what is 6c88b2 + -16?
6c8899
In base 13, what is -56a6101a + -4?
-56a61021
In base 16, what is -30a54 - -286?
-307ce
In base 15, what is -7345 + 3a6?
-6e8e
In base 7, what is 403520 - -30300?
434120
In base 3, what is 10011022 - -20112220?
100201012
In base 14, what is 6384c + -61?
637cb
In base 14, what is -cc6471 - 1?
-cc6472
In base 16, what is -bcb8 + -208?
-bec0
In base 13, what is -528 + 6c4?
199
In base 14, what is ba312b - 0?
ba312b
In base 7, what is 15346 + 10555?
26234
In base 9, what is 78 + -55005?
-54816
In base 7, what is -55131 + -6230?
-64361
In base 9, what is -15261 - -2217?
-13043
In base 11, what is -272a8260 + -4?
-272a8264
In base 2, what is -1011100 + -1001101011100110001?
-1001101011110001101
In base 9, what is -7 + -3528752?
-3528760
In base 11, what is -5 + 1427539?
1427534
In base 13, what is -7a2481 + 2?
-7a247c
In base 5, what is -1 + 231104004?
231104003
In base 15, what is 12c6ac1 + 3?
12c6ac4
In base 5, what is 2244231000 + 21?
2244231021
In base 10, what is -1014 - 997?
-2011
In base 9, what is -21001 + 842?
-20048
In base 14, what is 789960 + 0?
789960
In base 7, what is 2033253 - 123?
2033130
In base 13, what is -1ac229 - 9?
-1ac235
In base 4, what is 3203312012010 + -12?
3203312011332
In base 12, what is -3 + -42a870?
-42a873
In base 13, what is -34a6848 + -7?
-34a6852
In base 5, what is -22403300040 - -2?
-22403300033
In base 5, what is 2214144 + 10012?
2224211
In base 6, what is 132 - -24335452?
24340024
In base 13, what is 83aacc + -a?
83aac2
In base 16, what is c93 - -b4?
d47
In base 11, what is -279145 - -2?
-279143
In base 10, what is -213 + 294059?
293846
In base 8, what is -351240352 + 3?
-351240347
In base 7, what is 134 + 11563460?
11563624
In base 8, what is -4270264274 - 4?
-4270264300
In base 7, what is -6253445 - -236?
-6253206
In base 6, what is 2532515442 + 2?
2532515444
In base 10, what is -68508 + -427?
-68935
In base 15, what is 12ce3a + -60?
12cdca
In base 3, what is -1220001202220 - -1101?
-1220001201112
In base 15, what is 8a + -1577b?
-156e1
In base 4, what is -10020133022220 - 1?
-10020133022221
In base 13, what is 3 - c4ab38?
-c4ab35
In base 8, what is 16260 + -4232?
12026
In base 4, what is -2212131323 + 2333?
-2212122330
In base 11, what is 2164 - 28a8?
-744
In base 13, what is 444229c - -30?
44422cc
In base 7, what is -124232050 - 253?
-124232333
In base 5, what is -10342001311 + -33?
-10342001344
In base 13, what is -48 - 165a9c?
-165b17
In base 2, what is -100 + 11010100011110011000?
11010100011110010100
In base 8, what is 31 - 5502424?
-5502373
In base 11, what is 15a51263 + -4?
15a5125a
In base 13, what is 4446 - 34cc?
c47
In base 15, what is -3c29 - 161a?
-5344
In base 15, what is -3d6 + -31a3?
-3589
In base 6, what is -3 + -13113551245?
-13113551252
In base 16, what is 3 + -76c3d?
-76c3a
In base 14, what is 5 - -1888420?
1888425
In base 2, what is -10111010011011100101 - -1100000?
-10111010011010000101
In base 11, what is 826409 - 26?
826393
In base 11, what is 1370 + -1349?
22
In base 14, what is -1c7047 - -4?
-1c7043
In base 16, what is -5 + d2bf411?
d2bf40c
In base 12, what is 3b98 + -a806?
-682a
In base 9, what is -2167617 + -72?
-2167700
In base 5, what is 1202 + 40302133?
40303340
In base 2, what is 11000101110 + -1011011011110111?
-1011000011001001
In base 3, what is -110222222212121 - 11?
-110222222212202
In base 7, what is 12 + 12456336?
12456351
In base 11, what is 1 + -1725a888?
-1725a887
In base 4, what is 101222000 - 212022?
101003312
In base 15, what is d69ddb9 - -4?
d69ddbd
In base 10, what is 93150 - -32?
93182
In base 5, what is 103034324 + -121?
103034203
In base 13, what is 7208b3 - -1?
7208b4
In base 5, what is 13 - 21111132?
-21111114
In base 15, what is -223312 - -136?
-2231cb
In base 13, what is 4ac7 + a274?
1206b
In base 2, what is 101001011011011011011110100 + 110?
101001011011011011011111010
In base 13, what is -371340 - 3?
-371343
In base 4, what is 100 - 2123302123301?
-2123302123201
In base 7, what is -44322223 + 4?
-44322216
In base 16, what is 4 + 10cc55?
10cc59
In base 12, what is -1645 - 175b3?
-19038
In base 10, what is 3 + 6758258?
6758261
In base 4, what is 1003011 - -210220?
1213231
In base 7, what is -4130603651 + 5?
-4130603643
In base 4, what is -10030312223 - -222?
-10030312001
In base 9, what is 22 + 88437?
88460
In base 10, what is -1 - -626590?
626589
In base 6, what is -5 + 12250423?
12250414
In base 9, what is 182 + 38735?
40027
In base 13, what is -1a1b - -2410?
6c2
In base 6, what is 214333 + 2225?
221002
In base 7, what is -143230501 - 3?
-143230504
In base 7, what is -3256 + 2352531?
2346242
In base 7, what is 5 + 135460624?
135460632
In base 7, what is 202346445 + 11?
202346456
In base 4, what is -31 + -21123131113?
-21123131210
In base 5, what is -102123013322 - 1?
-102123013323
In base 2, what is 10001011011111 + -100000010101?
1101011001010
In base 4, what is -32131103010 + 0?
-32131103010
In base 14, what is -873bc5 - 0?
-873bc5
In base 6, what is -2 + 12333413405?
12333413403
In base 10, what is -14399 - -149?
-14250
In base 6, what is 2324 + 103133?
105501
In base 3, what is -1012210 + -1201000120101?
-1201001210011
In base 3, what is -2200210101022 + 2000?
-2200210022022
In base 5, what is 31012 - -10402102?
10433114
In base 10, what is 171043 - -22?
171065
In base 6, what is 4 - -33522231250?
33522231254
In base 10, what is 36 - -360014?
360050
In base 6, what is -12243 - -220435?
204152
In base 5, what is 2410023 - -121111?
3031134
In base 11, what is 9272 + -129?
9144
In base 16, what is -5a + 5743?
56e9
In base 10, what is -1854735 - 5?
-1854740
In base 2, what is 110110110101001 - -1101100100?
111000100001101
In base 16, what is -7 + -14f274?
-14f27b
In base 7, what is -3 + 25546336?
25546333
In base 8, what is 1 + 27250460?
27250461
In base 13, what is -196648b6 + 5?
-196648b1
In base 5, what is -11 - 1313342420?
-1313342431
In base 14, what is 55cda1 - 3?
55cd9c
In base 11, what is 4962a - 262?
49378
In base 4, what is 111 + 331100312120?
331100312231
In base 7, what is -102 + -1112262?
-1112364
In base 12, what is -369a7 + -20?
-36a07
In base 10, what is 617826 + -554?
617272
In base 10, what is 1 - 8274934?
-8274933
In base 5, what is -422422 - -3